{"version":"1.0","provider_name":"Valls Guiu Advocats","provider_url":"https:\/\/www.vallsguiu.com\/ca\/","author_name":"Agostina Simeonoff","author_url":"https:\/\/www.vallsguiu.com\/ca\/author\/agostina\/","title":"Conoce tus derechos vacacionales como trabajador | Valls Guiu Advocats","type":"rich","width":600,"height":338,"html":"<blockquote class=\"wp-embedded-content\" data-secret=\"QMheF4ySfd\"><a href=\"https:\/\/www.vallsguiu.com\/ca\/conoce-tus-derechos-vacacionales-como-trabajador\/\">Conoce tus derechos vacacionales como trabajador<\/a><\/blockquote><iframe sandbox=\"allow-scripts\" security=\"restricted\" src=\"https:\/\/www.vallsguiu.com\/ca\/conoce-tus-derechos-vacacionales-como-trabajador\/embed\/#?secret=QMheF4ySfd\" width=\"600\" height=\"338\" title=\"&#8220;Conoce tus derechos vacacionales como trabajador&#8221; &#8212; Valls Guiu Advocats\" data-secret=\"QMheF4ySfd\" frameborder=\"0\" marginwidth=\"0\" marginheight=\"0\" scrolling=\"no\" class=\"wp-embedded-content\"><\/iframe><script type=\"text\/javascript\">\n\/* <![CDATA[ *\/\n\/*! This file is auto-generated *\/\n!function(d,l){\"use strict\";l.querySelector&&d.addEventListener&&\"undefined\"!=typeof URL&&(d.wp=d.wp||{},d.wp.receiveEmbedMessage||(d.wp.receiveEmbedMessage=function(e){var t=e.data;if((t||t.secret||t.message||t.value)&&!\/[^a-zA-Z0-9]\/.test(t.secret)){for(var s,r,n,a=l.querySelectorAll('iframe[data-secret=\"'+t.secret+'\"]'),o=l.querySelectorAll('blockquote[data-secret=\"'+t.secret+'\"]'),c=new RegExp(\"^https?:$\",\"i\"),i=0;i<o.length;i++)o[i].style.display=\"none\";for(i=0;i<a.length;i++)s=a[i],e.source===s.contentWindow&&(s.removeAttribute(\"style\"),\"height\"===t.message?(1e3<(r=parseInt(t.value,10))?r=1e3:~~r<200&&(r=200),s.height=r):\"link\"===t.message&&(r=new URL(s.getAttribute(\"src\")),n=new URL(t.value),c.test(n.protocol))&&n.host===r.host&&l.activeElement===s&&(d.top.location.href=t.value))}},d.addEventListener(\"message\",d.wp.receiveEmbedMessage,!1),l.addEventListener(\"DOMContentLoaded\",function(){for(var e,t,s=l.querySelectorAll(\"iframe.wp-embedded-content\"),r=0;r<s.length;r++)(t=(e=s[r]).getAttribute(\"data-secret\"))||(t=Math.random().toString(36).substring(2,12),e.src+=\"#?secret=\"+t,e.setAttribute(\"data-secret\",t)),e.contentWindow.postMessage({message:\"ready\",secret:t},\"*\")},!1)))}(window,document);\n\/\/# sourceURL=https:\/\/www.vallsguiu.com\/wp-includes\/js\/wp-embed.min.js\n\/* ]]> *\/\n<\/script>\n","thumbnail_url":"https:\/\/www.vallsguiu.com\/wp-content\/uploads\/ashim-d-silva-sXeV4NySLWc-unsplash-scaled.jpg","thumbnail_width":2560,"thumbnail_height":2560,"description":"Con la llegada del final del a\u00f1o, es normal que comencemos a pensar en los d\u00edas de vacaciones que nos quedan para disfrutar en las fiestas o hacer un viaje en invierno, pero \u00bfconoces cu\u00e1l es la regulaci\u00f3n sobre las vacaciones en el territorio espa\u00f1ol? Es necesario que conozcas en detalle esta regulaci\u00f3n, para saber cu\u00e1ntos d\u00edas te corresponden y [...]"}

Con la llegada del final del año, es normal que comencemos a pensar en los días de vacaciones que nos quedan para disfrutar en las fiestas o hacer un viaje en invierno, pero ¿conoces cuál es la regulación sobre las vacaciones en el territorio español? Es necesario que conozcas en detalle esta regulación, para saber cuántos días te corresponden y [...]
